
37, 9425113
What are the prime factors of 1048520467?
37, 28338391
List the prime factors of 271645891.
11, 829, 29789
List the prime factors of 761340578.
2, 461, 825749
What are the prime factors of 6240790853?
11, 43, 13194061
What are the prime factors of 153933812?
2, 38483453
List the prime factors of 2814292946.
2, 307, 1381, 3319
List the prime factors of 57123177.
3, 19, 619, 1619
What are the prime factors of 11446410?
2, 3, 5, 23, 53, 313
List the prime factors of 46083099.
3, 23, 523, 1277
List the prime factors of 34153550.
2, 5, 683071
What are the prime factors of 712164220?
2, 5, 59, 603529
What are the prime factors of 147517948?
2, 36879487
What are the prime factors of 591925061?
7, 13, 29, 224299
List the prime factors of 6319792.
2, 394987
List the prime factors of 231175967.
11, 23, 913739
What are the prime factors of 11859261?
3, 541, 7307
List the prime factors of 960263500.
2, 5, 7, 274361
List the prime factors of 296693890.
2, 5, 59, 157, 3203
List the prime factors of 3645769528.
2, 41, 101, 110051
List the prime factors of 176320307.
2741, 64327
What are the prime factors of 5279099282?
2, 2639549641
List the prime factors of 90299495.
5, 11, 13, 17, 19, 23
What are the prime factors of 1193765?
5, 257, 929
List the prime factors of 480267529.
7, 571, 120157
What are the prime factors of 9270601635?
3, 5, 41, 101, 149249
List the prime factors of 197683061.
131, 1509031
What are the prime factors of 22598337?
3, 29, 259751
List the prime factors of 1390979644.
2, 17, 179, 114277
What are the prime factors of 24581072?
2, 607, 2531
List the prime factors of 2814834245.
5, 17, 59, 149, 3767
List the prime factors of 910413270.
2, 3, 5, 13, 31, 2789
What are the prime factors of 276470951?
43, 6429557
List the prime factors of 178582593.
3, 7, 41, 211, 983
List the prime factors of 52222115.
5, 11, 431, 2203
List the prime factors of 90249486.
2, 3, 15041581
List the prime factors of 77609144.
2, 1039, 9337
List the prime factors of 670762185.
3, 5, 1567, 28537
What are the prime factors of 408188981?
23, 43, 389, 1061
List the prime factors of 174493617.
3, 23, 2528893
What are the prime factors of 84721188?
2, 3, 827, 8537
What are the prime factors of 159840161?
13, 12295397
List the prime factors of 1916056370.
2, 5, 31, 6180827
What are the prime factors of 1885331833?
7, 11, 463, 52883
What are the prime factors of 728655792?
2, 3, 139, 109211
What are the prime factors of 10065005?
5, 2013001
What are the prime factors of 3695145672?
2, 3, 153964403
List the prime factors of 21290029.
41, 519269
List the prime factors of 425299795.
5, 17, 113, 44279
What are the prime factors of 145326857?
13, 23, 486043
What are the prime factors of 59011334?
2, 271, 108877
What are the prime factors of 8137076?
2, 2034269
List the prime factors of 41114388.
2, 3, 7, 489457
List the prime factors of 36246294.
2, 3, 7, 287669
List the prime factors of 106487368.
2, 13, 181, 5657
What are the prime factors of 19558956?
2, 3, 47, 34679
What are the prime factors of 334287987?
3, 11, 10129939
What are the prime factors of 4907581?
7, 439, 1597
List the prime factors of 17619458.
2, 8809729
What are the prime factors of 53620024?
2, 6702503
List the prime factors of 27078746.
2, 37, 365929
What are the prime factors of 141025028?
2, 29, 71, 17123
List the prime factors of 8714024773.
101, 3947, 21859
List the prime factors of 990098895.
3, 5, 173, 381541
List the prime factors of 1953785709.
3, 29, 263, 28463
What are the prime factors of 129334934?
2, 23, 2811629
What are the prime factors of 81080898?
2, 3, 397, 34039
List the prime factors of 20959037.
11, 1905367
What are the prime factors of 260077522?
2, 130038761
What are the prime factors of 600242986?
2, 7, 29, 1201, 1231
What are the prime factors of 44700080?
2, 5, 293, 1907
List the prime factors of 5081850.
2, 3, 5, 23, 491
What are the prime factors of 4621120184?
2, 271, 2131513
What are the prime factors of 140098132?
2, 37, 467, 2027
List the prime factors of 212671873.
31, 151, 45433
List the prime factors of 42665032.
2, 19, 29, 9679
What are the prime factors of 2006931362?
2, 17, 149, 396157
What are the prime factors of 258162637?
31, 8327827
What are the prime factors of 749781846?
2, 3, 11, 139, 1009
List the prime factors of 233685526.
2, 389, 300367
What are the prime factors of 25305446?
2, 41, 113, 2731
List the prime factors of 1116314682.
2, 3, 7, 71, 374351
What are the prime factors of 3141606090?
2, 3, 5, 7, 103, 20749
What are the prime factors of 103522281?
3, 34507427
List the prime factors of 60137746.
2, 30068873
What are the prime factors of 3468232?
2, 37, 11717
List the prime factors of 4867678149.
3, 11483, 141301
List the prime factors of 29551863.
3, 11, 37, 24203
What are the prime factors of 85212418?
2, 167, 255127
What are the prime factors of 1201731363?
3, 7, 43, 67, 2207
What are the prime factors of 31174933?
31, 1005643
What are the prime factors of 1630162881?
3, 23, 2625061
What are the prime factors of 1453928378?
2, 7, 163, 637129
What are the prime factors of 329508248?
2, 2909, 14159
List the prime factors of 89723726.
2, 44861863
What are the prime factors of 48970334?
2, 7, 19, 47, 3917
List the prime factors of 228781588.
2, 7, 743, 1571
What are the prime factors of 70829925?
3, 5, 944399
List the prime factors of 1070708571.
3, 39655873
List the prime factors of 357444805.
5, 17, 4205233
List the prime factors of 4982234595.
3, 5, 13, 31, 824191
List the prime factors of 1250295100.
2, 5, 31, 151, 2671
List the prime factors of 256260971.
8933, 28687
What are the prime factors of 391403671?
41, 9546431
What are the prime factors of 1071136464?
2, 3, 1823, 12241
What are the prime factors of 4478586908?
2, 379, 2954213
List the prime factors of 174190017.
3, 23, 41, 67, 919
What are the prime factors of 9060286?
2, 17, 266479
What are the prime factors of 89686209?
3, 29895403
List the prime factors of 60399942.
2, 3, 1091, 9227
List the prime factors of 34226203.
11, 1663, 1871
What are the prime factors of 61025047?
61025047
List the prime factors of 597499761.
3, 191, 239, 4363
List the prime factors of 4246801030.
2, 5, 67, 113, 56093
List the prime factors of 695186428.
2, 173796607
List the prime factors of 10045943.
41, 245023
List the prime factors of 20399696.
2, 79, 16139
List the prime factors of 171526097.
29, 43, 67, 2053
List the prime factors of 19943128.
2, 647, 3853
List the prime factors of 987531621.
3, 149, 167, 13229
List the prime factors of 20493307.
337, 60811
What are the prime factors of 240149955?
3, 5, 673, 23789
What are the prime factors of 977054390?
2, 5, 13, 7515803
List the prime factors of 112992221.
19, 809, 7351
List the prime factors of 132013789.
17, 89, 87253
List the prime factors of 131286215.
5, 167, 157229
What are the prime factors of 2098701693?
3, 11, 2939, 7213
List the prime factors of 1817520411.
3, 7, 19, 631, 7219
What are the prime factors of 116740321?
89, 1311689
What are the prime factors of 258908596?
2, 79, 431, 1901
List the prime factors of 436791876.
2, 3, 36399323
List the prime factors of 691888867.
1699, 407233
What are the prime factors of 368948235?
3, 5, 263, 93523
List the prime factors of 133482398.
2, 7, 73, 211, 619
List the prime factors of 5141706235.
5, 23, 29, 47, 32803
What are the prime factors of 240767542?
2, 23, 1609, 3253
List the prime factors of 4378309763.
41, 9931, 10753
What are the prime factors of 63653172?
2, 3, 11, 37, 13033
List the prime factors of 353264834.
2, 13, 19, 29, 24659
List the prime factors of 2328312809.
17, 241, 359, 1583
List the prime factors of 19920148.
2, 691, 7207
What are the prime factors of 1854002361?
3, 618000787
What are the prime factors of 76808506?
2, 2441, 15733
What are the prime factors of 137071669?
7, 2797381
List the prime factors of 1000658970.
2, 3, 5, 11118433
What are the prime factors of 11077801?
7, 1109, 1427
List the prime factors of 314879022.
2, 3, 5831093
What are the prime factors of 265454392?
2, 7, 4740257
What are the prime factors of 1565859?
3, 79, 6607
List the prime factors of 2930615036.
2, 11821, 61979
List the prime factors of 166673619.
3, 7, 293957
What are the pri